{"id":4002,"date":"2022-08-15T11:59:46","date_gmt":"2022-08-15T09:59:46","guid":{"rendered":"http:\/\/medrassadudesert.org\/?page_id=4002"},"modified":"2025-08-05T17:51:33","modified_gmt":"2025-08-05T15:51:33","slug":"sur-le-terrain","status":"publish","type":"page","link":"https:\/\/medrassadudesert.org\/index.php\/sur-le-terrain\/","title":{"rendered":"Sur le terrain"},"content":{"rendered":"<p><span style=\"color: #0000ff;\"><strong><a style=\"color: #0000ff;\" href=\"https:\/\/medrassadudesert.org\/index.php\/sur-le-terrain-2024\/\">Sur le terrain \u2013 2024\u00a0 \u00a0 \u00a0 \u00a0 \u00a0 <\/a><\/strong><strong><a style=\"color: #0000ff;\" href=\"https:\/\/medrassadudesert.org\/index.php\/annee-2025\/\">Sur le terrain \u2013 2025<\/a><\/strong><\/span><\/p>\n<p><span style=\"color: #0000ff;\"><strong>Sur le terrain \u2013 2023\u00a0 \u00a0 \u00a0 \u00a0 \u00a0\u00a0<a style=\"color: #0000ff;\" href=\"https:\/\/medrassadudesert.org\/index.php\/sur-le-terrain\/sur-le-terrain-2022\/\">Sur le terrain &#8211; 2022<\/a><\/strong><\/span><\/p>\n<p><span style=\"color: #0000ff;\"><strong><a style=\"color: #0000ff;\" href=\"https:\/\/medrassadudesert.org\/index.php\/2022\/08\/15\/sur-le-terrain-2021\/\">Sur le terrain \u2013 2021<\/a> \u00a0\u00a0 \u00a0\u00a0 \u00a0\u00a0 <a style=\"color: #0000ff;\" href=\"https:\/\/medrassadudesert.org\/index.php\/2022\/08\/15\/4148\/\">Sur le terrain \u2013 2020<\/a><\/strong><\/span><\/p>\n<p><span style=\"color: #0000ff;\"><strong><a style=\"color: #0000ff;\" href=\"https:\/\/medrassadudesert.org\/index.php\/2022\/08\/15\/sur-le-terrain-2019\/\">Sur le terrain \u2013 2019 \u00a0<\/a>\u00a0 \u00a0 \u00a0 \u00a0 <a style=\"color: #0000ff;\" href=\"https:\/\/medrassadudesert.org\/index.php\/2022\/08\/15\/sur-le-terrain-2018\/\">Sur le terrain \u2013 2018<\/a><\/strong><\/span><\/p>\n<p><span style=\"color: #0000ff;\"><strong> \u00a0<a style=\"color: #0000ff;\" href=\"https:\/\/medrassadudesert.org\/index.php\/2022\/08\/15\/sur-le-terrain-2017\/\">Sur le terrain \u2013 2017\u00a0<\/a>\u00a0 \u00a0 \u00a0\u00a0 \u00a0\u00a0<a style=\"color: #0000ff;\" href=\"https:\/\/medrassadudesert.org\/index.php\/2022\/08\/15\/sur-le-terrain-2017\/\">\u00a0<\/a><a style=\"color: #0000ff;\" href=\"https:\/\/medrassadudesert.org\/index.php\/2022\/08\/15\/sur-le-terrain-2016\/\">sur le terrain \u2013 2016<\/a><\/strong><\/span><\/p>\n<p><span style=\"color: #0000ff;\"><strong>\u00a0<a style=\"color: #0000ff;\" href=\"https:\/\/medrassadudesert.org\/index.php\/2022\/08\/15\/sur-le-terrain-2015\/\">Sur le terrain \u2013 2015 \u00a0<\/a>\u00a0 \u00a0 \u00a0 \u00a0\u00a0<a style=\"color: #0000ff;\" href=\"https:\/\/medrassadudesert.org\/index.php\/2022\/08\/15\/4058\/\">Sur le terrain \u2013 2014<\/a><\/strong><\/span><\/p>\n<p><span style=\"color: #0000ff;\"><strong>\u00a0<a style=\"color: #0000ff;\" href=\"https:\/\/medrassadudesert.org\/index.php\/2022\/08\/15\/sur-le-terrain-2013\/\">Sur le terrain \u2013 2013 <\/a>\u00a0 \u00a0 \u00a0\u00a0 \u00a0\u00a0<a style=\"color: #0000ff;\" href=\"https:\/\/medrassadudesert.org\/index.php\/2022\/08\/15\/sur-le-terrain-2012\/\">Sur le terrain \u2013 2012<\/a><\/strong><\/span><\/p>\n<p><span style=\"color: #0000ff;\"><strong>\u00a0<a style=\"color: #0000ff;\" href=\"https:\/\/medrassadudesert.org\/index.php\/2022\/08\/15\/sur-le-terrain-2011\/\">Sur le terrain \u2013 2011<\/a>\u00a0 \u00a0 \u00a0 \u00a0 \u00a0 \u00a0<a style=\"color: #0000ff;\" href=\"https:\/\/medrassadudesert.org\/index.php\/2022\/08\/15\/sur-le-terrain-2010\/\">Sur le terrain \u2013 2010<\/a><\/strong><\/span><\/p>\n<p><span style=\"color: #0000ff;\"><strong><a style=\"color: #0000ff;\" href=\"https:\/\/medrassadudesert.org\/index.php\/2022\/08\/15\/sur-le-terrain-2009\/\">Sur le terrain \u2013 2009<\/a>\u00a0\u00a0 \u00a0\u00a0 \u00a0\u00a0 \u00a0<a style=\"color: #0000ff;\" href=\"https:\/\/medrassadudesert.org\/index.php\/2022\/08\/15\/sur-le-terrain-2008-2\/\">Sur le terrain \u2013 2008<\/a><\/strong><\/span><\/p>\n<p><span style=\"color: #0000ff;\">\u00a0<\/span><\/p>\n<p><span style=\"color: #0000ff;\">\u00a0<\/span><\/p>\n","protected":false},"excerpt":{"rendered":"<p>Sur le terrain \u2013 2024\u00a0 \u00a0 \u00a0 \u00a0 \u00a0 Sur le terrain \u2013 2025 Sur le terrain \u2013 2023\u00a0 \u00a0 \u00a0 \u00a0 \u00a0\u00a0Sur le terrain &#8211; 2022 Sur le terrain \u2013 2021 \u00a0\u00a0 \u00a0\u00a0 \u00a0\u00a0 Sur le terrain \u2013 2020 Sur le terrain \u2013 2019 \u00a0\u00a0 \u00a0 \u00a0 \u00a0 Sur le terrain \u2013 2018 \u00a0Sur [&hellip;]<\/p>\n","protected":false},"author":2,"featured_media":0,"parent":0,"menu_order":0,"comment_status":"closed","ping_status":"closed","template":"","meta":{"_monsterinsights_skip_tracking":false,"_monsterinsights_sitenote_active":false,"_monsterinsights_sitenote_note":"","_monsterinsights_sitenote_category":0,"footnotes":""},"class_list":["post-4002","page","type-page","status-publish","hentry"],"yoast_head":"<!-- This site is optimized with the Yoast SEO plugin v27.4 - https:\/\/yoast.com\/product\/yoast-seo-wordpress\/ -->\n<title>Sur le terrain - ONG MEDRASSA DU DESERT<\/title>\n<meta name=\"robots\" content=\"index, follow, max-snippet:-1, max-image-preview:large, max-video-preview:-1\" \/>\n<link rel=\"canonical\" href=\"https:\/\/medrassadudesert.org\/index.php\/sur-le-terrain\/\" \/>\n<meta property=\"og:locale\" content=\"fr_FR\" \/>\n<meta property=\"og:type\" content=\"article\" \/>\n<meta property=\"og:title\" content=\"Sur le terrain - ONG MEDRASSA DU DESERT\" \/>\n<meta property=\"og:description\" content=\"Sur le terrain \u2013 2024\u00a0 \u00a0 \u00a0 \u00a0 \u00a0 Sur le terrain \u2013 2025 Sur le terrain \u2013 2023\u00a0 \u00a0 \u00a0 \u00a0 \u00a0\u00a0Sur le terrain &#8211; 2022 Sur le terrain \u2013 2021 \u00a0\u00a0 \u00a0\u00a0 \u00a0\u00a0 Sur le terrain \u2013 2020 Sur le terrain \u2013 2019 \u00a0\u00a0 \u00a0 \u00a0 \u00a0 Sur le terrain \u2013 2018 \u00a0Sur [&hellip;]\" \/>\n<meta property=\"og:url\" content=\"https:\/\/medrassadudesert.org\/index.php\/sur-le-terrain\/\" \/>\n<meta property=\"og:site_name\" content=\"ONG MEDRASSA DU DESERT\" \/>\n<meta property=\"article:publisher\" content=\"https:\/\/fr-fr.facebook.com\/ONGMDD\/\" \/>\n<meta property=\"article:modified_time\" content=\"2025-08-05T15:51:33+00:00\" \/>\n<meta name=\"twitter:card\" content=\"summary_large_image\" \/>\n<meta name=\"twitter:label1\" content=\"Dur\u00e9e de lecture estim\u00e9e\" \/>\n\t<meta name=\"twitter:data1\" content=\"1 minute\" \/>\n<script type=\"application\/ld+json\" class=\"yoast-schema-graph\">{\"@context\":\"https:\\\/\\\/schema.org\",\"@graph\":[{\"@type\":\"WebPage\",\"@id\":\"https:\\\/\\\/medrassadudesert.org\\\/index.php\\\/sur-le-terrain\\\/\",\"url\":\"https:\\\/\\\/medrassadudesert.org\\\/index.php\\\/sur-le-terrain\\\/\",\"name\":\"Sur le terrain - ONG MEDRASSA DU DESERT\",\"isPartOf\":{\"@id\":\"https:\\\/\\\/medrassadudesert.org\\\/#website\"},\"datePublished\":\"2022-08-15T09:59:46+00:00\",\"dateModified\":\"2025-08-05T15:51:33+00:00\",\"breadcrumb\":{\"@id\":\"https:\\\/\\\/medrassadudesert.org\\\/index.php\\\/sur-le-terrain\\\/#breadcrumb\"},\"inLanguage\":\"fr-FR\",\"potentialAction\":[{\"@type\":\"ReadAction\",\"target\":[\"https:\\\/\\\/medrassadudesert.org\\\/index.php\\\/sur-le-terrain\\\/\"]}]},{\"@type\":\"BreadcrumbList\",\"@id\":\"https:\\\/\\\/medrassadudesert.org\\\/index.php\\\/sur-le-terrain\\\/#breadcrumb\",\"itemListElement\":[{\"@type\":\"ListItem\",\"position\":1,\"name\":\"Accueil\",\"item\":\"https:\\\/\\\/medrassadudesert.org\\\/\"},{\"@type\":\"ListItem\",\"position\":2,\"name\":\"Sur le terrain\"}]},{\"@type\":\"WebSite\",\"@id\":\"https:\\\/\\\/medrassadudesert.org\\\/#website\",\"url\":\"https:\\\/\\\/medrassadudesert.org\\\/\",\"name\":\"ONG MEDRASSA DU DESERT\",\"description\":\"Am\u00e9liorer la scolarit\u00e9 &amp; la sant\u00e9 des enfants du d\u00e9sert mauritanien\",\"potentialAction\":[{\"@type\":\"SearchAction\",\"target\":{\"@type\":\"EntryPoint\",\"urlTemplate\":\"https:\\\/\\\/medrassadudesert.org\\\/?s={search_term_string}\"},\"query-input\":{\"@type\":\"PropertyValueSpecification\",\"valueRequired\":true,\"valueName\":\"search_term_string\"}}],\"inLanguage\":\"fr-FR\"}]}<\/script>\n<!-- \/ Yoast SEO plugin. -->","yoast_head_json":{"title":"Sur le terrain - ONG MEDRASSA DU DESERT","robots":{"index":"index","follow":"follow","max-snippet":"max-snippet:-1","max-image-preview":"max-image-preview:large","max-video-preview":"max-video-preview:-1"},"canonical":"https:\/\/medrassadudesert.org\/index.php\/sur-le-terrain\/","og_locale":"fr_FR","og_type":"article","og_title":"Sur le terrain - ONG MEDRASSA DU DESERT","og_description":"Sur le terrain \u2013 2024\u00a0 \u00a0 \u00a0 \u00a0 \u00a0 Sur le terrain \u2013 2025 Sur le terrain \u2013 2023\u00a0 \u00a0 \u00a0 \u00a0 \u00a0\u00a0Sur le terrain &#8211; 2022 Sur le terrain \u2013 2021 \u00a0\u00a0 \u00a0\u00a0 \u00a0\u00a0 Sur le terrain \u2013 2020 Sur le terrain \u2013 2019 \u00a0\u00a0 \u00a0 \u00a0 \u00a0 Sur le terrain \u2013 2018 \u00a0Sur [&hellip;]","og_url":"https:\/\/medrassadudesert.org\/index.php\/sur-le-terrain\/","og_site_name":"ONG MEDRASSA DU DESERT","article_publisher":"https:\/\/fr-fr.facebook.com\/ONGMDD\/","article_modified_time":"2025-08-05T15:51:33+00:00","twitter_card":"summary_large_image","twitter_misc":{"Dur\u00e9e de lecture estim\u00e9e":"1 minute"},"schema":{"@context":"https:\/\/schema.org","@graph":[{"@type":"WebPage","@id":"https:\/\/medrassadudesert.org\/index.php\/sur-le-terrain\/","url":"https:\/\/medrassadudesert.org\/index.php\/sur-le-terrain\/","name":"Sur le terrain - ONG MEDRASSA DU DESERT","isPartOf":{"@id":"https:\/\/medrassadudesert.org\/#website"},"datePublished":"2022-08-15T09:59:46+00:00","dateModified":"2025-08-05T15:51:33+00:00","breadcrumb":{"@id":"https:\/\/medrassadudesert.org\/index.php\/sur-le-terrain\/#breadcrumb"},"inLanguage":"fr-FR","potentialAction":[{"@type":"ReadAction","target":["https:\/\/medrassadudesert.org\/index.php\/sur-le-terrain\/"]}]},{"@type":"BreadcrumbList","@id":"https:\/\/medrassadudesert.org\/index.php\/sur-le-terrain\/#breadcrumb","itemListElement":[{"@type":"ListItem","position":1,"name":"Accueil","item":"https:\/\/medrassadudesert.org\/"},{"@type":"ListItem","position":2,"name":"Sur le terrain"}]},{"@type":"WebSite","@id":"https:\/\/medrassadudesert.org\/#website","url":"https:\/\/medrassadudesert.org\/","name":"ONG MEDRASSA DU DESERT","description":"Am\u00e9liorer la scolarit\u00e9 &amp; la sant\u00e9 des enfants du d\u00e9sert mauritanien","potentialAction":[{"@type":"SearchAction","target":{"@type":"EntryPoint","urlTemplate":"https:\/\/medrassadudesert.org\/?s={search_term_string}"},"query-input":{"@type":"PropertyValueSpecification","valueRequired":true,"valueName":"search_term_string"}}],"inLanguage":"fr-FR"}]}},"_links":{"self":[{"href":"https:\/\/medrassadudesert.org\/index.php\/wp-json\/wp\/v2\/pages\/4002","targetHints":{"allow":["GET"]}}],"collection":[{"href":"https:\/\/medrassadudesert.org\/index.php\/wp-json\/wp\/v2\/pages"}],"about":[{"href":"https:\/\/medrassadudesert.org\/index.php\/wp-json\/wp\/v2\/types\/page"}],"author":[{"embeddable":true,"href":"https:\/\/medrassadudesert.org\/index.php\/wp-json\/wp\/v2\/users\/2"}],"replies":[{"embeddable":true,"href":"https:\/\/medrassadudesert.org\/index.php\/wp-json\/wp\/v2\/comments?post=4002"}],"version-history":[{"count":13,"href":"https:\/\/medrassadudesert.org\/index.php\/wp-json\/wp\/v2\/pages\/4002\/revisions"}],"predecessor-version":[{"id":5437,"href":"https:\/\/medrassadudesert.org\/index.php\/wp-json\/wp\/v2\/pages\/4002\/revisions\/5437"}],"wp:attachment":[{"href":"https:\/\/medrassadudesert.org\/index.php\/wp-json\/wp\/v2\/media?parent=4002"}],"curies":[{"name":"wp","href":"https:\/\/api.w.org\/{rel}","templated":true}]}}